 is the highest common factor of 77 and r?
11
Let q be (-1148)/(-6) + (-10)/105*-7. Calculate the highest common divisor of 24 and q.
24
Let g be -14*(1/2 + -1). Suppose 0 = t - 2*t + g. Suppose 3*f = t*f - 184. What is the greatest common factor of f and 23?
23
Suppose -65*n = -5*u - 61*n + 367, -4*u - 3*n + 306 = 0. What is the greatest common factor of u and 125?
25
Let w(l) be the third derivative of l**5/20 - l**4/6 + 4*l**3/3 + l**2. Let s be w(2). Calculate the highest common factor of s and 3.
3
Suppose -2*x = 2*x - 456. Suppose -5*u - 3*v + x = v, 3*v = -4*u + 91. What is the greatest common divisor of u and 33?
11
Suppose -4*g + 24 = 4*o, g + 5*o - 10 = -2*g. Suppose 2*q + 4*m = 27 + 13, 0 = 3*q + m - 80. Let j = q + -18. What is the greatest common factor of g and j?
10
Suppose 0 = 4*m - 101 - 175. Let h = m + -51. What is the highest common divisor of h and 162?
18
Suppose 0 = 4*p - 7 - 1. Let s(n) = n**2 - n - 10 + p*n - 6*n. Let o be s(8). Calculate the greatest common divisor of o and 42.
14
Suppose 2*j - 767 = -5*x - 43, 5*x = -5*j + 1780. What is the highest common factor of 44 and j?
44
Suppose 11*w = 13*w. Let s(h) = h**2 + 7*h + 33. Let q be s(w). What is the highest common divisor of q and 132?
33
Let k be (-2 + 1)/((-6)/36). Let q = -79 - -104. Let f = 28 - q. What is the highest common factor of k and f?
3
Suppose 0 = -3*g + 85 + 35. Suppose -8*a - 3*a = -4*a. Suppose 5*o - o - 64 = a. What is the highest common divisor of o and g?
8
Let k be 292350/240 + (9/24)/(-3). Calculate the highest common divisor of 87 and k.
87
Suppose -14*h = -28*h + 868. What is the highest common factor of h and 2?
2
Let b = 32 + -24. Let m = b + 10. What is the highest common divisor of 12 and m?
6
Let w(g) = 164*g**3 + 2*g**2 - g. Let y be w(1). Let u be 1/(-21)*-7 + (-976)/(-6). Let v = -148 + u. What is the greatest common factor of v and y?
15
Let v be (-7)/((-49)/12)*7. Let r be (-3)/9*3*-135. Suppose 2*m + 3*c - r = 0, 4*c + 220 = m + 3*m. What is the highest common divisor of m and v?
12
Let j = -18 + 17. Let d be -6 + (9 - 3) - 4/j. What is the highest common divisor of 12 and d?
4
Suppose 26 = 2*i + 2*o, -3*o = 3 - 18. Suppose 0 = 2*y - i*y. Suppose 0*m - m + 58 = y. What is the greatest common factor of 87 and m?
29
Suppose -2*r - t = 2*r - 558, 424 = 3*r - 2*t. Calculate the greatest common divisor of r and 20.
20
Let j(k) = 2*k**3 + 9*k**2 - 8*k - 4. Let p be j(6). What is the greatest common factor of p and 22?
22
Let g be -45*(3 - 0)*-1. Let b(y) = -2*y**2 + 101*y + 171. Let d be b(52). What is the greatest common factor of d and g?
15
Suppose 7 = 3*l + 1. Let j be (l - 4) + 19 + (-12)/(-12). Calculate the highest common factor of 12 and j.
6
Let g = 291 - 16. Suppose 4*l + l - g = 0. Let u = 1 - -10. Calculate the highest common factor of l and u.
11
Let f be (12/10)/((-2)/(-135)). Suppose -f = d + 2*d. Let k = -19 - d. What is the greatest common divisor of k and 20?
4
Let w(m) = -8*m - 6. Let n(i) = i**2 - i - 15. Let x be n(4). Let s be w(x). Calculate the highest common factor of s and 162.
18
Let d = -64 + 100. Suppose 0 = -30*z + 26*z + d. Let w(x) = 2*x**3 - 3*x**2. Let f be w(3). What is the greatest common factor of z and f?
9
Let b(o) = 17*o - 150. Let h be b(14). Calculate the greatest common divisor of 22 and h.
22
Suppose 0 = -d - 2*d + 363. Suppose v = 2*v - d. Let r(o) = o**3 + 16*o**2 + 16*o + 26. Let c be r(-15). What is the greatest common divisor of c and v?
11
Let a be 1 + -1 + 0 + -44 + 48. Calculate the greatest common divisor of a and 29.
1
Let b(i) = 5*i**2 + 17*i - 52. Let p be b(3). Calculate the highest common divisor of 616 and p.
44
Suppose -2*g = -24 - 4. Suppose g = 2*a + 2. What is the highest common divisor of 9 and a?
3
Let h be -6*(21/(-6))/7. Suppose 2*r - h*r + 3 = 0. What is the greatest common factor of r and 21?
3
Let o = -16 + 13. Let m(s) = s**3 + 4*s**2 + s + 5. Let b be m(o). Calculate the greatest common factor of 88 and b.
11
Suppose 3*i = -2*w + 27, 3*w - 5*i + 10 = 3. Calculate the highest common divisor of w and 10.
2
Suppose 2*p + 17 - 5 = 0. Let d be 15 + -2 + p/(-2). Let t(i) = 18*i + 114. Let c be t(-5). What is the greatest common divisor of c and d?
8
Let c be (-7)/(-35) - 178/(-10). Suppose 212 - 1202 = -5*t. Calculate the highest common factor of t and c.
18
Let f = 14 + -14. Suppose f = s - 5*s - 8. Let a be s + 9 + 2/1. What is the highest common factor of a and 1?
1
Suppose -101*x + 14166 = -12195. Calculate the greatest common factor of x and 18.
9
Let r = -477 + 497. Calculate the highest common factor of r and 28.
4
Suppose 0*o = 2*o. Suppose s - 46 - 20 = o. Let g = s + -12. What is the greatest common factor of 6 and g?
6
Let x = 1560 + -1231. What is the greatest common divisor of x and 47?
47
Let c be (-44 + -11)/((-15)/36). What is the highest common factor of 36 and c?
12
Let o = -23 - -14. Let c = o - -31. What is the highest common factor of 154 and c?
22
Let o = -5 + 1. Let h = -2 - o. Suppose -h*k = -3*k + 3. Calculate the greatest common divisor of 6 and k.
3
Let t(v) = -2*v**3 + 4*v**2 - 6. Let q be t(8). Let i = q + 542. Let b = i - -332. What is the greatest common divisor of 20 and b?
20
Let s = -37 - -48. Let a = s + 10. Calculate the highest common factor of 63 and a.
21
Let u(g) = g**2 - 4*g + 5. Let x(n) = n**3 + 10*n**2 - 2*n - 14. Let s be x(-10). Let i be u(s). Calculate the greatest common factor of i and 153.
17
Suppose 5*i - n = 3 + 51, 0 = -3*i + n + 34. Suppose 6*l - 34 = 50. Let a = l + -9. What is the greatest common divisor of i and a?
5
Let r be 6/(-3)*3/(-2). Suppose 2*c - r*c = 0. Suppose c*q + q = 26. What is the greatest common divisor of q and 78?
26
Let m = 118 + -97. What is the highest common factor of 98 and m?
7
Let s(h) = 2*h**2 + 10*h + 7. Let i be s(-6). Let l(z) = 8*z - 31. Let b be l(14). Suppose 0 = m - 52 - b. What is the greatest common divisor of i and m?
19
Let w = 1082 + -1078. Calculate the highest common divisor of 196 and w.
4
Let g be (-232)/(-406) + (-762)/(-14). What is the greatest common divisor of g and 33?
11
Let l(q) = -2*q + 3. Let n be l(-5). Let d be -91*(1*-2)/2. Calculate the highest common factor of d and n.
13
Let h = -85 + 115. Calculate the greatest common factor of h and 20.
10
Suppose 0 = 198*p - 9170 + 458. Suppose 0 = 4*k + 16, -5*n = 3*k - 2371 + 623. Calculate the greatest common divisor of p and n.
44
Suppose 0 = 7*v - 8*v + 346. Suppose 5*a - v = 5*c - 4*c, 0 = 2*a - 5*c - 120. Let y be (-3 - -14) + (-3)/(-1). Calculate the highest common factor of a and y.
14
Let c = -56 + 38. Let x be 16/6*(-81)/c. Suppose -m + 11 = -7. What is the greatest common divisor of x and m?
6
Let t be (-10 - (8 - 16)) + 5 + 84. What is the highest common divisor of 725 and t?
29
Suppose -9*b + 162 = -6*b. Calculate the highest common divisor of 864 and b.
54
Let d be (-4 + 1/1)/(-1). Suppose 990 = 2*y + d*y. Suppose 6*g - 88 = 2*g. Calculate the highest common factor of y and g.
22
Let q be -10*1/(3/(-36)). Suppose 4*x - q = -4*n, 2*n = n + 3*x + 50. What is the greatest common divisor of 105 and n?
35
Suppose 17 = -j + 19. Suppose -9 = -n + 2*x, x - 20 = -5*n + j*n. Calculate the highest common factor of 7 and n.
7
Suppose 0 = 3*r + l - 65, 5*r - l - 4*l = 115. What is the highest common factor of r and 253?
11
Let x(l) = -71*l - 11. Let c be x(2). Let j be (-493)/c - (0 + (-4)/(-18)). What is the highest common divisor of 1 and j?
1
Let k(j) = j**2 + 5*j + 36. Let b be k(0). Suppose 3 = r - 2*r. Let f be r - 0 - -57 - 0. Calculate the greatest common factor of b and f.
18
Let z(u) = 57*u**2 + u - 2. Let h be 2*(0 - -3) - 5. Let q be z(h). What is the greatest common divisor of 16 and q?
8
Let l = -32 + 18. Let r be (-7)/l*(106 + 2). What is the greatest common divisor of 6 and r?
6
Let n(v) = -9*v - 57. Let x(i) = i**2 - 13*i + 23. Let a be x(10). Let q be n(a). What is the highest common divisor of 8 and q?
2
Let d(h) = 16*h**3 - h**2 + 3*h - 3. Let s be d(1). Let i = s + 30. What is the highest common divisor of 360 and i?
45
Let f = 21 - 15. Let t(l) = -l**3 + 6*l**2 + 8*l + 6. Let i be t(f). What is the greatest common factor of i and 6?
6
Suppose 0 = -5*n, -4*n = -3*l - 3*n + 102. Suppose -3*j = 